 number?
False
Let q = -2 - -4. Suppose 0 = -3*l + q*t + 1464, 3*l + 4*t = -0*t + 1482. Is l/26 + (-10)/(-65) a composite number?
False
Suppose 19*a = 10*a + 59391. Is a a prime number?
True
Let h(j) = -2*j**3 + j**2 + j - 1. Let u(g) = g**3 + 13*g**2 - 12*g + 8. Let a(p) = -3*h(p) + u(p). Is a(6) a prime number?
False
Let x(y) = -2*y - 6. Let a be x(-7). Let z = 9 - a. Is (33/44)/(z/628) composite?
True
Let d be 6/33 + (-12812)/44. Let m = 238 - d. Is m a composite number?
True
Let q = -25 + 138. Is q a prime number?
True
Suppose -982 = -18*d + 16*d. Is d composite?
False
Suppose 16*b - 5*b + 99 = 0. Is (-633 - 0)*(1 - (-12)/b) a composite number?
False
Suppose 6*h + 1052 = 4*h. Let t = h - -747. Is t prime?
False
Let i(z) = -436*z + 2. Let n be i(-3). Suppose 0 = -d - 4*d - 5*w + n, 2*w = 5*d - 1275. Is d prime?
True
Let i(o) = o**2 - 22*o + 228. Is i(13) prime?
False
Suppose i - 60 = -4*i. Is (-79)/(3*(-4)/i) a prime number?
True
Suppose 42*a = -5*w + 43*a + 37958, 3*w + a - 22770 = 0. Is w composite?
False
Let a(q) be the first derivative of q**6/20 - q**5/40 - 5*q**4/24 - q**3/3 - 5. Let c(h) be the third derivative of a(h). Is c(-4) prime?
False
Let p be 205/15 + 4/(-6). Suppose -p*a = -4*a - 14751. Is a a prime number?
False
Let o = 3 - -1940. Is o composite?
True
Let y(w) = -13*w - 5. Let h be y(-5). Suppose 0 = -m + 5*l + 53 + 23, -82 = -m + 3*l. Let v = m - h. Is v prime?
True
Is 10/45 + (-46744)/(-9) + -3 a prime number?
False
Let w = -14258 - -27213. Is w prime?
False
Let m be ((-120)/52)/(-2) + (-6)/39. Is (-4 + (m - -756))*1/3 prime?
True
Suppose 1207 = -5*p + 7622. Is p a prime number?
True
Let y = 140 - -66. Suppose -m + y = -273. Is m a composite number?
False
Let o(p) = -11*p - 10. Let u be o(-5). Let x = u - -1. Is x a prime number?
False
Suppose -3*v - 4*z - 5 = 0, -4*v + 3 = 5*z + 9. Is (249 - (v + 0)) + 3 a prime number?
True
Let z(x) = -77*x**2 - 3*x - 6. Let i be z(4). Suppose 2*o + 1502 = -2*y, 3*y = o - 100 - 2161. Let b = y - i. Is b a prime number?
False
Suppose 20 = 3*k - 5*k. Let b be 507/6 + 5/k. Is 5/1*(b - 5) a prime number?
False
Let m = 4935 + -2678. Is m a prime number?
False
Let h = 1 + 2. Suppose h*g - 1106 = -2*z, -g + 1498 = 2*z + 388. Let b = z - 321. Is b a composite number?
True
Suppose -y + 5*c - 41 = 0, 4*y = -3*c - 107 - 103. Let v = 470 - y. Is v composite?
False
Let h(t) = 17*t + 3. Let u be 20/(-50) - (-4)/10. Let g = 2 + u. Is h(g) composite?
False
Let y(k) = -k**2 + 3*k. Let l be y(3). Let d = -6 - l. Let g(q) = -18*q - 11. Is g(d) composite?
False
Let j = -87 + 89. Suppose -j*i - 5*t = -5148, -7*i - 3*t = -2*i - 12889. Is i composite?
False
Is (-114)/171 + (-112155)/(-9) composite?
True
Suppose 0 = -8*g + 381 + 315. Is g prime?
False
Let b(r) = 57*r + 4. Suppose -3*m = -5*m - v + 7, 3*v - 16 = -5*m. Let a be b(m). Is a/2 + (-7)/(-14) composite?
True
Let t = -337 + 510. Is t*((-20)/(-5) + 1) prime?
False
Let j be (6 + (-102)/18)*(1 - 1). Is ((-239 - 0)*-6)/(2 + j) prime?
False
Suppose -2*y - 26 = y + x, 8 = -4*x. Let o(j) = 49*j + 9. Let c(w) = w. Let f(n) = 6*c(n) - o(n). Is f(y) a composite number?
True
Let g = -33 + 35. Let h(o) = 28*o**2 + 3*o + 1. Is h(g) composite?
True
Suppose -o = -4*o - 2*p + 58, 4*o + 2*p - 76 = 0. Suppose -o = -3*r + 9. Let b(f) = 4*f**2 + 17*f + 2. Is b(r) a prime number?
True
Let m = 5198 - 1538. Suppose 3*j = -2*j + m. Suppose 4*n - 2*y - j = 0, y = 3*n + 6*y - 575. Is n prime?
False
Let n = 4454 + -2523. Is n prime?
True
Is -185302*(-18)/(-24)*(-18)/27 a composite number?
True
Let m(j) = -j**3 + 10*j**2 - 13*j + 9. Let r be m(9). Suppose 0 = 2*d - 119 - 21. Let w = r + d. Is w a composite number?
False
Suppose c - b + 3 = 0, 3*c + 4 - 11 = -5*b. Is (0 - c)/(-5) + 1286/5 a composite number?
False
Suppose 0 = -w + m - 576, -3*w - 4*m - 2844 = 2*w. Let i be 1 - -1 - (5 - 4). Is (-84)/36*(w - i) prime?
False
Suppose -202*d = -200*d - 22130. Is d prime?
False
Suppose 5*p + 2*n = 12, 4*n + 11 = -5. Suppose -p*m = m - 1790. Is m composite?
True
Is (-3 - (-2658)/24)*8 prime?
False
Let t = -1616 - -4093. Is t a composite number?
False
Let q(t) be the second derivative of 112*t**3 + t**2 - 13*t. Is q(1) a composite number?
True
Suppose 5*c = 3*q - 49814, 21*q - 16607 = 20*q + 4*c. Is q prime?
True
Suppose -n + 3*s + 8 = 0, 0 = 2*n - n - s - 6. Suppose 4*o + 9 = 5*m, -n*o + 8 = -3*o. Suppose 3*t - 398 = -m*f, -7*f - t + 324 = -3*f. Is f a composite number?
True
Is (-3548102)/430*(2 - (-21)/(-3)) a prime number?
True
Suppose 639 = 5*h - q, 2*h + 0*h = -3*q + 242. Suppose 0*i - 2*a + h = i, 4*i + a - 508 = 0. Is i composite?
False
Let v = 22664 + -9097. Is v prime?
True
Is (-350)/(-15)*156 + -3 composite?
False
Let z(g) = g. Let s(h) = -75*h + 7. Let i(f) = s(f) - 4*z(f). Is i(-10) composite?
False
Suppose 2*v + 1022 = 4108. Is v composite?
False
Let i(g) = -28*g + 8. Let s be i(-5). Let p be (132/3 + 1)*19. Suppose u - p = -s. Is u a composite number?
True
Suppose 0*o - o + 4 = 0. Suppose o*t + 6*y + 148 = 2*y, 5*t + 4*y + 187 = 0. Let q = t - -86. Is q prime?
True
Suppose -7 + 2 = -5*q. Let u be 23/6 - q/(-6). Suppose -2*w + u*a = -5*w + 262, -3*w = -a - 287. Is w a composite number?
True
Let o(c) = 4*c**2 - 2*c - 1. Let i be o(-1). Suppose -4*s = i*z - 3147, -4*s - 3*z = -8*s + 3123. Let q = s - 514. Is q a composite number?
False
Suppose 0 = -3*z + 4*z + 10. Let v be 2/(-5) - 104/z. Is 3728/v + 5/25 a composite number?
False
Suppose -y = -8482 - 3939. Is y prime?
True
Let y = -543 - -273. Let j = y - -385. Is j a composite number?
True
Let i = -16231 - -36558. Let q = -13654 + i. Is q composite?
False
Suppose 3*c = 5177 + 5050. Suppose c = 5*s + 2*s. Is s composite?
False
Is (-9)/(-36) - (-5644)/16 composite?
False
Let h(o) = o - 1. Let r(f) = 153*f**2 - 3*f + 1. Let k(w) = 4*h(w) + r(w). Let c be k(2). Let m = -433 + c. Is m composite?
True
Let i = -156 + 247. Let b = -188 + i. Let c = 300 - b. Is c composite?
False
Let a = 108845 + -59892. Is a a composite number?
False
Suppose 0 = 5*t - 7 + 962. Let b(u) = -19*u**2 - 5*u + 6. Let o be b(4). Let i = t - o. Is i a composite number?
False
Let p be (-12)/(-42) + 374/14. Suppose p = -i + 616. Let t = -296 + i. Is t composite?
False
Let r(t) = -2*t**3 - 11*t**2 - 5*t + 3. Let g be r(-5). Suppose 2*w - 2245 = -g*w. Is w a composite number?
False
Let j(s) = -45*s - 23. Let z(n) = -17*n**2 + 1. Let k be z(1). Is j(k) a composite number?
True
Let h(q) = -q + 3. Let s be h(1). Suppose s*m - 452 = -2*i, -2*i + 0*i + 673 = 3*m. Is m a prime number?
False
Suppose -5*p + 15 = -5*l - 2*p, -l - 3*p - 3 = 0. Let o(h) be the third derivative of -65*h**4/24 - 2*h**3/3 - h**2. Is o(l) prime?
True
Let s be (-2)/(-1) - 173*-1. Suppose 0 = -n - 2*n + l - 303, 505 = -5*n - 4*l. Let c = s + n. Is c a composite number?
True
Let m = -27 + -90. Let b = -183 - m. Is (b/4)/(6/(-12)) a prime number?
False
Let k = 22 - 16. Suppose -k*p + 2*p = -16. Suppose -p*j = 0, 2*j + 3*j + 10 = 5*x. Is x a prime number?
True
Let u(t) = 7*t**2 + 25*t + 417. Is u(-41) a composite number?
False
Let x = -12227 - -20254. Is x prime?
False
Let b be (-5)/(-20) + (-7)/(-4). Suppose -5*s = -5*h + 340, -s = -b*h + 56 + 17. Let r = 94 + s. Is r composite?
False
Let u(t) = 41*t + 16. Let a(p) = p - 6. Let b be a(6). Suppose 4*x + 5 = -w - b*x, -67 = -5*w + 3*x. Is u(w) prime?
True
Let b be 3/(((-4)/(-3))/(-4)). Let s(m) = -190*m + 11. Is s(b) prime?
True
Let z(p) be the first derivative of -61/2*p**2 + 9*p - 6. Is z(-4) a prime number?
False
Let h = 31 + -37. Is ((-1508)/(-12))/((-2)/h) a composite number?
True
Let t be (-4)/10 + 5 + (-46)/10. Suppose -u - 3*h + 479 = 0, 5*u + 0*h - h - 2395 = t. Is u a composite number?
False
Suppose 4*r - 2*q = r + 9, -4*r - 3*q + 12 = 0. Suppose 3*c = -4*t - 129, t + c = r*t + 67. Let k = 68 + t. Is k prime?
False
Is (-7284)/((-10)/5) + 1 + -6 a composite number?
False
Suppose 5*a = -l + 25831, -5*a = 4*l - 9584 - 16235. Is a a composite number?
False
Let g = 11874 + 5219. Is g a composite number?
False
Let j(l) = -2*l**2 - 3*l + 3 - 9*l**3 + 10*l**3 + 4*l**2. Let w be j(-3). Suppose 5*m - w*m = 178. Is m composite?
False
Suppose 0 = 34*s - 28*s - 51846. Is s composite?
False
Suppose -z + 0*z - 55 = 0. Let c = z + 21. Let a = 4 - c.